
False
Is 30586937 composite?
False
Is 846861 composite?
True
Is 14527541 a prime number?
False
Is 61960133 composite?
False
Is 178533517 prime?
True
Is 22773865 a prime number?
False
Is 11810779 prime?
False
Is 2781851 prime?
False
Is 613493 a prime number?
True
Is 29774883 a composite number?
True
Is 715943 prime?
True
Is 29833823 a prime number?
False
Is 183370307 a composite number?
False
Is 3767657 prime?
True
Is 116214863 prime?
True
Is 3652819 composite?
False
Is 12710023 composite?
False
Is 7832509 composite?
False
Is 315075641 prime?
True
Is 92383373 a prime number?
False
Is 8849239 composite?
True
Is 152797261 a composite number?
True
Is 785527 a prime number?
True
Is 3848177 a prime number?
True
Is 39114223 a composite number?
False
Is 11467661 composite?
False
Is 90205183 a prime number?
False
Is 42726433 prime?
False
Is 3681271 prime?
False
Is 33227087 composite?
True
Is 55002685 prime?
False
Is 2221397 a composite number?
True
Is 278087473 prime?
False
Is 307305485 a prime number?
False
Is 5039899 composite?
True
Is 1585918 prime?
False
Is 1707253 prime?
True
Is 137081899 prime?
True
Is 3744277 prime?
False
Is 5471503 a composite number?
False
Is 13945949 a prime number?
False
Is 11453591 prime?
False
Is 6929123 a prime number?
False
Is 9428027 prime?
False
Is 1506929 prime?
True
Is 482757889 prime?
True
Is 519334559 a prime number?
False
Is 6439187 prime?
True
Is 1460573357 a composite number?
True
Is 1135259 composite?
True
Is 484299665 a composite number?
True
Is 91115311 composite?
True
Is 599183 a prime number?
False
Is 1534957 prime?
True
Is 92023 prime?
False
Is 10982813 prime?
True
Is 11776183 composite?
False
Is 2860171 prime?
False
Is 15092423 composite?
False
Is 336991069 composite?
False
Is 47846167 a prime number?
False
Is 23378107 a prime number?
True
Is 2793433 composite?
False
Is 153875431 a composite number?
False
Is 7847291 a composite number?
False
Is 9373939 composite?
True
Is 4299661 prime?
False
Is 29946587 a composite number?
True
Is 248929517 composite?
False
Is 61201733 composite?
False
Is 1080923 a composite number?
False
Is 8287581 composite?
True
Is 6134731 composite?
True
Is 4427581 composite?
True
Is 43402787 a prime number?
False
Is 10737406 prime?
False
Is 13999877 prime?
True
Is 71481853 a composite number?
True
Is 1841407 a composite number?
True
Is 18298829 prime?
False
Is 9054707 a prime number?
True
Is 568585 a composite number?
True
Is 3398389 composite?
False
Is 101401123 composite?
False
Is 431011031 composite?
True
Is 7547971 a prime number?
True
Is 682411 composite?
False
Is 3320143 prime?
True
Is 16635643 a prime number?
True
Is 918163 composite?
True
Is 21964199 a composite number?
True
Is 192454201 composite?
False
Is 368009657 composite?
False
Is 1995263 composite?
False
Is 7397267 a prime number?
True
Is 4233297 composite?
True
Is 1860183791 a prime number?
True
Is 13596527 composite?
True
Is 28422781 a prime number?
False
Is 180880651 prime?
False
Is 1142093 composite?
True
Is 110221355 a prime number?
False
Is 58044281 prime?
False
Is 222127783 composite?
False
Is 21165937 prime?
False
Is 61568791 prime?
False
Is 225386079 composite?
True
Is 244329181 a composite number?
False
Is 5735581 a composite number?
False
Is 91069373 a prime number?
False
Is 421999693 a composite number?
True
Is 15370169 composite?
False
Is 34253839 prime?
False
Is 142979441 composite?
True
Is 51481939 a composite number?
False
Is 15750157 prime?
True
Is 545081 a composite number?
True
Is 35184649 composite?
False
Is 199151 prime?
True
Is 342231379 composite?
True
Is 21964619 a prime number?
True
Is 1003027 a composite number?
True
Is 8150783 a composite number?
True
Is 27229469 prime?
True
Is 252670029 prime?
False
Is 435168563 prime?
False
Is 16651871 composite?
True
Is 9898079 a prime number?
False
Is 3435017 a prime number?
False
Is 15375629 prime?
False
Is 11525979 composite?
True
Is 44796137 prime?
True
Is 15212341 a composite number?
False
Is 12423427 a prime number?
False
Is 829918 prime?
False
Is 339918121 prime?
False
Is 226229567 a prime number?
True
Is 230562973 composite?
True
Is 66996043 composite?
True
Is 22347723 a prime number?
False
Is 8532611 a prime number?
False
Is 25532537 prime?
True
Is 27405991 composite?
False
Is 492915083 a composite number?
False
Is 2949467 prime?
True
Is 55811146 a prime number?
False
Is 52630873 a prime number?
True
Is 5530263 a prime number?
False
Is 9881401 a composite number?
False
Is 728309 prime?
False
Is 13046237 a prime number?
False
Is 133232233 a prime number?
True
Is 359248049 a prime number?
False
Is 32874287 a prime number?
False
Is 670886173 a composite number?
False
Is 77570047 a composite number?
False
Is 16711841 composite?
True
Is 27001061 a prime number?
False
Is 58864633 a prime number?
False
Is 56739287 a prime number?
False
Is 10023817 a prime number?
True
Is 88054697 prime?
False
Is 33323299 a composite number?
True
Is 6927971 a composite number?
False
Is 27021661 a prime number?
False
Is 124987001 a composite number?
False
Is 1350955 composite?
True
Is 1342391 prime?
False
Is 87453517 prime?
False
Is 19160249 a prime number?
True
Is 3248017 prime?
True
Is 113618299 prime?
True
Is 22676401 prime?
False
Is 607292009 composite?
False
Is 4026189 a prime number?
False
Is 30569041 a prime number?
False
Is 103579247 composite?
False
Is 1831117 a prime number?
False
Is 488090797 a composite number?
True
Is 235871 composite?
False
Is 547583 composite?
False
Is 4648663 prime?
True
Is 16208711 a prime number?
True
Is 865021 prime?
False
Is 1075478993 composite?
False
Is 45612169 prime?
False
Is 6970235 a prime number?
False
Is 32405957 a composite number?
True
Is 835412953 prime?
True
Is 807241 a composite number?
False
Is 47129 composite?
False
Is 41395457 composite?
True
Is 8275727 composite?
True
Is 8935391 a composite number?
False
Is 117509 prime?
False
Is 1827142 a prime number?
False
Is 113851258 prime?
False
Is 4623491 prime?
True
Is 116246989 prime?
True
Is 133071511 prime?
False
Is 62433077 prime?
False
Is 39742145 composite?
True
Is 57227903 a composite number?
True
Is 85761989 a prime number?
True
Is 6864769 composite?
False
Is 10953641 a composite number?
False
Is 8504183 a prime number?
True
Is 243881669 prime?
True
Is 496549 prime?
True
Is 68131 a composite number?
True
Is 83347977 composite?
True
Is 47045237 prime?
True
Is 4374413 a composite number?
True
Is 109896713 a prime number?
True
Is 252277 prime?
True
Is 1680961 prime?
True
Is 39975119 a prime number?
True
Is 6711437 a composite number?
False
Is 171910957 a composite number?
True
Is 788607661 prime?
False
Is 7302535 a composite number?
True
Is 4012909 a composite number?
True
Is 67919693 a composite number?
False
Is 11896063 composite?
False
Is 123200593 prime?
True
Is 6200071 composite?
False
Is 7264253 composite?
True
Is 11247341 prime?
False
Is 5520731 composite?
True
Is 53400499 prime?
True
Is 2011049 a prime number?
False
Is 40157063 prime?
True
Is 1062443 a composite number?
False
Is 1797331 prime?
True
Is 9153237 a composite number?
True
Is 1072397867 composite?
True
Is 1427539 a composite number?
False
Is 355505651 prime?
False
Is 12899641 a composite number?
True
Is 2445193 prime?
False
Is 62706629 a composite number?
True
Is 36860771 a composite number?
False
Is 298229 a prime number?
False
Is 17937841 a prime number?
True
Is 350181527 a prime number?
True
Is 37089727 a prime number?
False
Is 1338059 prime?
False
Is 11977519 composite?
False
Is 4924717 a composite number?
True
Is 109823533 a prime number?
False
Is 8513783 composite?
False
Is 18340537 a composite number?
True
Is 121343 prime?
True
Is 36599359 composite?
True
Is 1374367 composite?
False
Is 8228873 a composite number?
True
Is 4751611 prime?
True
Is 5873659 composite?
True
Is 7577243 a prime number?
True
Is 35597 a composite number?
False
Is 1939909 a composite number?
False
Is 406169 composite?
False
Is 115379827 prime?
True
Is 9300623 a composite number?
False
Is 167681257 a prime number?
False
Is 16634071 composite?
False
Is 206239541 a prime number?
True
Is 3889891 prime?
True
Is 3017515 a composite number?
True
Is 225674377 a prime number?
True
Is 43854121 a prime number?
True
Is 190207 a comp